{"id":131,"date":"2016-02-26T18:48:00","date_gmt":"2016-02-26T18:48:00","guid":{"rendered":"http:\/\/seeloewen-unteriglbach.de\/?page_id=131"},"modified":"2016-03-30T17:57:35","modified_gmt":"2016-03-30T17:57:35","slug":"frauenstammtisch","status":"publish","type":"page","link":"http:\/\/seeloewen-unteriglbach.de\/Startseite\/frauenstammtisch\/","title":{"rendered":"Frauenstammtisch"},"content":{"rendered":"<h1 style=\"text-align: center;\"><strong>Hallo!<\/strong><\/h1>\n<p style=\"text-align: center;\">wir m\u00f6chten Dich informieren, dass wir ab sofort Ansprechpartner<br \/>\nf\u00fcr den Frauenstammtisch der Seel\u00f6wen Unteriglbach haben.<\/p>\n<table>\n<tbody>\n<tr>\n<td style=\"text-align: center;\"><strong>1. Vorsitzende:<\/strong><br \/>\nWeinberger Susanne<br \/>\nTel. 08548\/1051<\/td>\n<td style=\"text-align: center;\"><img loading=\"lazy\" decoding=\"async\" class=\"aligncenter wp-image-1036 size-full\" src=\"http:\/\/seeloewen-unteriglbach.de\/wp-content\/uploads\/2016\/03\/Susanne-Weinberger.jpg\" alt=\"Susanne Weinberger\" width=\"450\" height=\"253\" srcset=\"http:\/\/seeloewen-unteriglbach.de\/wp-content\/uploads\/2016\/03\/Susanne-Weinberger.jpg 450w, http:\/\/seeloewen-unteriglbach.de\/wp-content\/uploads\/2016\/03\/Susanne-Weinberger-300x169.jpg 300w\" sizes=\"auto, (max-width: 450px) 100vw, 450px\" \/><\/td>\n<\/tr>\n<\/tbody>\n<\/table>\n<p style=\"text-align: center;\">Bei Anregungen, Anmeldungen und Fragen steht Dir unsere Susanne<br \/>\njederzeit\u00a0gerne\u00a0zur Verf\u00fcgung.<\/p>\n<p style=\"text-align: center;\"><strong>Einladung<\/strong><br \/>\n<strong>Frauen &#8211; Stammtisch !!!<\/strong><\/p>\n<p>&nbsp;<\/p>\n<table>\n<tbody>\n<tr>\n<td style=\"text-align: center;\">28.01.2016<\/td>\n<td style=\"text-align: center;\">Donnerstag<\/td>\n<td style=\"text-align: center;\">Gasthaus Seewirt<\/td>\n<\/tr>\n<tr>\n<td style=\"text-align: center;\">25.02.2016<\/td>\n<td style=\"text-align: center;\">Donnerstag<\/td>\n<td style=\"text-align: center;\">Badhaus<\/td>\n<\/tr>\n<tr>\n<td style=\"text-align: center;\">30.03.2016<\/td>\n<td style=\"text-align: center;\">Mittwoch<\/td>\n<td style=\"text-align: center;\">Straubinger Wirt<\/td>\n<\/tr>\n<tr>\n<td style=\"text-align: center;\">27.04.2016<\/td>\n<td style=\"text-align: center;\">Mittwoch<\/td>\n<td style=\"text-align: center;\">Zur Schmiede<\/td>\n<\/tr>\n<tr>\n<td style=\"text-align: center;\">25.05.2016<\/td>\n<td style=\"text-align: center;\">Mittwoch<\/td>\n<td style=\"text-align: center;\">Grieche Delphi (Vilshofen)<\/td>\n<\/tr>\n<tr>\n<td style=\"text-align: center;\">29.06.2016<\/td>\n<td style=\"text-align: center;\">Mittwoch<\/td>\n<td style=\"text-align: center;\">Hacklberger Biergarten<\/td>\n<\/tr>\n<tr>\n<td style=\"text-align: center;\">27.07.2016<\/td>\n<td style=\"text-align: center;\">Mittwoch<\/td>\n<td style=\"text-align: center;\">Eiscafe Pizzeria Roma (Vilshofen)<\/td>\n<\/tr>\n<tr>\n<td style=\"text-align: center;\">25.08.2016<\/td>\n<td style=\"text-align: center;\">Donnerstag<\/td>\n<td style=\"text-align: center;\">Gasthaus Seewirt<\/td>\n<\/tr>\n<tr>\n<td style=\"text-align: center;\">26.09.2016<\/td>\n<td style=\"text-align: center;\">Montag<\/td>\n<td style=\"text-align: center;\">Zum Griechen<\/td>\n<\/tr>\n<tr>\n<td style=\"text-align: center;\">28.10.2016<\/td>\n<td style=\"text-align: center;\">Freitag<\/td>\n<td style=\"text-align: center;\">Kegeln nach Wunsch<\/td>\n<\/tr>\n<tr>\n<td style=\"text-align: center;\">23.11.2016<\/td>\n<td style=\"text-align: center;\">Mittwoch<\/td>\n<td style=\"text-align: center;\">Hallenbadrestaurant (Vilshofen)<\/td>\n<\/tr>\n<tr>\n<td style=\"text-align: center;\">10.12.2016<\/td>\n<td style=\"text-align: center;\">Samstag<\/td>\n<td style=\"text-align: center;\">Hattenhammer Hofst\u00fcberl<\/td>\n<\/tr>\n<\/tbody>\n<\/table>\n<p style=\"text-align: center;\">Jeweils um 19.00 Uhr.<br \/>\nWir freuen uns auf dein kommen!!!<\/p>\n<p style=\"text-align: center;\"><strong>Anmeldung unter : 08548\/1051<\/strong><\/p>\n<p style=\"text-align: center;\">\n","protected":false},"excerpt":{"rendered":"<p>Hallo! wir m\u00f6chten Dich informieren, dass wir ab sofort Ansprechpartner f\u00fcr den Frauenstammtisch der Seel\u00f6wen Unteriglbach haben. 1. Vorsitzende: Weinberger Susanne Tel. 08548\/1051 Bei Anregungen, Anmeldungen und Fragen steht Dir unsere Susanne jederzeit\u00a0gerne\u00a0zur Verf\u00fcgung. Einladung Frauen &#8211; Stammtisch !!! &nbsp; 28.01.2016 Donnerstag Gasthaus Seewirt 25.02.2016 Donnerstag Badhaus 30.03.2016 Mittwoch Straubinger Wirt 27.04.2016 Mittwoch Zur Schmiede 25.05.2016 Mittwoch Grieche Delphi (Vilshofen) 29.06.2016 Mittwoch Hacklberger Biergarten 27.07.2016 Mittwoch Eiscafe Pizzeria Roma (Vilshofen) 25.08.2016 Donnerstag Gasthaus Seewirt 26.09.2016 Montag Zum Griechen 28.10.2016 Freitag Kegeln nach Wunsch 23.11.2016 Mittwoch Hallenbadrestaurant (Vilshofen) 10.12.2016 Samstag Hattenhammer Hofst\u00fcberl Jeweils um 19.00 Uhr. Wir freuen uns auf dein kommen!!! Anmeldung unter : 08548\/1051<\/p>\n","protected":false},"author":1,"featured_media":0,"parent":0,"menu_order":0,"comment_status":"closed","ping_status":"closed","template":"","meta":{"ngg_post_thumbnail":0,"jetpack_post_was_ever_published":false,"footnotes":""},"class_list":["post-131","page","type-page","status-publish","hentry"],"jetpack_sharing_enabled":true,"jetpack_shortlink":"https:\/\/wp.me\/P7h1s1-27","_links":{"self":[{"href":"http:\/\/seeloewen-unteriglbach.de\/Startseite\/wp-json\/wp\/v2\/pages\/131","targetHints":{"allow":["GET"]}}],"collection":[{"href":"http:\/\/seeloewen-unteriglbach.de\/Startseite\/wp-json\/wp\/v2\/pages"}],"about":[{"href":"http:\/\/seeloewen-unteriglbach.de\/Startseite\/wp-json\/wp\/v2\/types\/page"}],"author":[{"embeddable":true,"href":"http:\/\/seeloewen-unteriglbach.de\/Startseite\/wp-json\/wp\/v2\/users\/1"}],"replies":[{"embeddable":true,"href":"http:\/\/seeloewen-unteriglbach.de\/Startseite\/wp-json\/wp\/v2\/comments?post=131"}],"version-history":[{"count":6,"href":"http:\/\/seeloewen-unteriglbach.de\/Startseite\/wp-json\/wp\/v2\/pages\/131\/revisions"}],"predecessor-version":[{"id":1041,"href":"http:\/\/seeloewen-unteriglbach.de\/Startseite\/wp-json\/wp\/v2\/pages\/131\/revisions\/1041"}],"wp:attachment":[{"href":"http:\/\/seeloewen-unteriglbach.de\/Startseite\/wp-json\/wp\/v2\/media?parent=131"}],"curies":[{"name":"wp","href":"https:\/\/api.w.org\/{rel}","templated":true}]}}