{"id":150,"date":"2016-02-27T18:33:54","date_gmt":"2016-02-27T18:33:54","guid":{"rendered":"http:\/\/seeloewen-unteriglbach.de\/?page_id=150"},"modified":"2022-04-23T11:01:50","modified_gmt":"2022-04-23T11:01:50","slug":"zeitungsberichte","status":"publish","type":"page","link":"https:\/\/seeloewen-unteriglbach.de\/Startseite\/zeitungsberichte\/","title":{"rendered":"Zeitungsberichte"},"content":{"rendered":"<table>\n<tbody>\n<tr>\n<td style=\"text-align: center;\">21.04.2022<\/td>\n<td style=\"text-align: center;\">Vilshofener Anzeiger<\/td>\n<td style=\"text-align: left;\"><a href=\"https:\/\/seeloewen-unteriglbach.de\/Startseite\/zeitung-2022-20-04-2022-jahreshauptversammlung\/\">Bericht \u00fcber die Jahreshauptversammlung<\/a><\/td>\n<\/tr>\n<tr style=\"height: 30px;\">\n<td style=\"text-align: center; height: 30px;\">07.08.2017<\/td>\n<td style=\"text-align: center; height: 30px;\">Vilshofener Anzeiger<\/td>\n<td style=\"text-align: left; height: 30px;\"><a href=\"https:\/\/seeloewen-unteriglbach.de\/zeitung-2017-07-08-2016-ortenburger-volksfest-umzug\/\">Bericht \u00fcber den Umzug des &nbsp;Ortenburger Volksfestes<\/a><\/td>\n<\/tr>\n<tr style=\"height: 30px;\">\n<td style=\"text-align: center; height: 30px;\">08.03.2017<\/td>\n<td style=\"text-align: center; height: 30px;\">Vilshofener Anzeiger<\/td>\n<td style=\"text-align: left; height: 30px;\"><a href=\"https:\/\/seeloewen-unteriglbach.de\/zeitung-2017-08-03-2016-seele-des-vereins-alois-hofbauer\/\">Die Seele des Vereins: Alois Hofbauer<\/a><\/td>\n<\/tr>\n<tr style=\"height: 30px;\">\n<td style=\"text-align: center; height: 30px;\">08.05.2016<\/td>\n<td style=\"text-align: center; height: 30px;\">Stadionzeitung &#8222;Sechzig&#8220;<\/td>\n<td style=\"text-align: left; height: 30px;\"><a href=\"https:\/\/seeloewen-unteriglbach.de\/zeitung-2016-08-05-2016-sechzig-jahreshauptversammlung\/\">Bericht \u00fcber die Jahreshauptversammlung&nbsp;und die Neuwahlen<\/a><\/td>\n<\/tr>\n<tr style=\"height: 30px;\">\n<td style=\"text-align: center; height: 30px;\">14.04.2016<\/td>\n<td style=\"text-align: center; height: 30px;\">Vilshofener Anzeiger<\/td>\n<td style=\"text-align: left; height: 30px;\"><a href=\"https:\/\/seeloewen-unteriglbach.de\/zeitung-2016-14-04-2016-jahreshauptversammlung\/\">Bericht \u00fcber die Jahreshauptversammlung&nbsp;und die Neuwahlen<\/a><\/td>\n<\/tr>\n<tr style=\"height: 30px;\">\n<td style=\"text-align: center; height: 30px;\">10.02.2016<\/td>\n<td style=\"text-align: center; height: 30px;\">Vilshofener Anzeiger<\/td>\n<td style=\"text-align: left; height: 30px;\"><a href=\"https:\/\/seeloewen-unteriglbach.de\/zeitung-2016-10-02-2016-ehrung-10-jahre\/\">Ehrung f\u00fcr 10-Jahre Mitgliedschaft beim Sechziger-Fanclub<\/a><\/td>\n<\/tr>\n<tr style=\"height: 30px;\">\n<td style=\"text-align: center; height: 30px;\">14.01.2016<\/td>\n<td style=\"text-align: center; height: 30px;\">Vilshofener Anzeiger<\/td>\n<td style=\"text-align: left; height: 30px;\"><a href=\"https:\/\/seeloewen-unteriglbach.de\/zeitung-2016-14-01-2016-neujahrs-skispringen\/\">Ausflug zum Neujahrs-Skispringen nach Garmisch-Partenkirchen<\/a><\/td>\n<\/tr>\n<tr style=\"height: 30px;\">\n<td style=\"text-align: center; height: 30px;\">22.02.2015<\/td>\n<td style=\"text-align: center; height: 30px;\">Vilshofener Anzeiger<\/td>\n<td style=\"text-align: left; height: 30px;\"><a href=\"https:\/\/seeloewen-unteriglbach.de\/zeitung-2015-22-02-2015-jahreshauptversammlung\/\">Bericht \u00fcber die Jahreshauptversammlung<\/a><\/td>\n<\/tr>\n<tr style=\"height: 30px;\">\n<td style=\"text-align: center; height: 30px;\">17.02.2015<\/td>\n<td style=\"text-align: center; height: 30px;\">Vilshofener Anzeiger<\/td>\n<td style=\"text-align: left; height: 30px;\"><a href=\"https:\/\/seeloewen-unteriglbach.de\/zeitung-2015-17-02-2015-spendenuebergabe\/\">Spenden\u00fcbergabe aus der 2. Iglbacher Dorfweihnacht<\/a><\/td>\n<\/tr>\n<tr style=\"height: 15px;\">\n<td style=\"text-align: center; height: 15px;\">12.02.2015<\/td>\n<td style=\"text-align: center; height: 15px;\">Vilshofener Anzeiger<\/td>\n<td style=\"text-align: left; height: 15px;\"><a href=\"https:\/\/seeloewen-unteriglbach.de\/zeitung-2015-20-02-2015-interview-kerl-mike\/\">Interview von Kerl Mike<\/a><\/td>\n<\/tr>\n<tr style=\"height: 15px;\">\n<td style=\"text-align: center; height: 15px;\">10.11.2014<\/td>\n<td style=\"text-align: center; height: 15px;\">Stadionzeitung &#8222;Sechzig&#8220;<\/td>\n<td style=\"text-align: left; height: 15px;\"><a href=\"https:\/\/seeloewen-unteriglbach.de\/zeitung-2014-10-11-2014-sechzig-20-jahr-feier\/\">Bericht \u00fcber die 20-Jahr-Feier<\/a><\/td>\n<\/tr>\n<tr style=\"height: 15px;\">\n<td style=\"text-align: center; height: 15px;\">24.10.2014<\/td>\n<td style=\"text-align: center; height: 15px;\">Vilshofener Anzeiger<\/td>\n<td style=\"text-align: left; height: 15px;\"><a href=\"https:\/\/seeloewen-unteriglbach.de\/zeitung-2014-24-10-2014-vilshofener-anzeiger-20-jahr-feier\/\">Bericht \u00fcber die 20-Jahr-Feier<\/a><\/td>\n<\/tr>\n<tr style=\"height: 30px;\">\n<td style=\"text-align: center; height: 30px;\">19.02.2014<\/td>\n<td style=\"text-align: center; height: 30px;\">Vilshofener Anzeiger<\/td>\n<td style=\"text-align: left; height: 30px;\"><a href=\"https:\/\/seeloewen-unteriglbach.de\/zeitung-2014-19-02-2014-jahreshauptversammlung\/\">Bericht \u00fcber die Jahreshauptversammlung<\/a><\/td>\n<\/tr>\n<tr style=\"height: 15px;\">\n<td style=\"text-align: center; height: 15px;\">&nbsp;21.11.2013<\/td>\n<td style=\"text-align: center; height: 15px;\">Vilshofener Anzeiger<\/td>\n<td style=\"text-align: left; height: 15px;\"><a href=\"https:\/\/seeloewen-unteriglbach.de\/zeitung-2013-21-11-2013-versammlung-region-8\/\">Bericht \u00fcber die Regionsversammlung<\/a><\/td>\n<\/tr>\n<tr style=\"height: 30px;\">\n<td style=\"text-align: center; height: 30px;\">18.11.2013<\/td>\n<td style=\"text-align: center; height: 30px;\">Passauer Neue Presse<\/td>\n<td style=\"text-align: left; height: 30px;\"><a href=\"https:\/\/seeloewen-unteriglbach.de\/zeitung-2013-versammlung-region-8\/\">Versammlung der Sechzig-Fanclubs der Region 8, Bayer. Wald in Unteriglbach<\/a><\/td>\n<\/tr>\n<\/tbody>\n<\/table>\n","protected":false},"excerpt":{"rendered":"<p>21.04.2022 Vilshofener Anzeiger Bericht \u00fcber die Jahreshauptversammlung 07.08.2017 Vilshofener Anzeiger Bericht \u00fcber den Umzug des &nbsp;Ortenburger Volksfestes 08.03.2017 Vilshofener Anzeiger Die Seele des Vereins: Alois Hofbauer 08.05.2016 Stadionzeitung &#8222;Sechzig&#8220; Bericht \u00fcber die Jahreshauptversammlung&nbsp;und die Neuwahlen 14.04.2016 Vilshofener Anzeiger Bericht \u00fcber die Jahreshauptversammlung&nbsp;und die Neuwahlen 10.02.2016 Vilshofener Anzeiger Ehrung f\u00fcr 10-Jahre Mitgliedschaft beim Sechziger-Fanclub 14.01.2016 Vilshofener Anzeiger Ausflug zum Neujahrs-Skispringen nach Garmisch-Partenkirchen 22.02.2015 Vilshofener Anzeiger Bericht \u00fcber die Jahreshauptversammlung 17.02.2015 Vilshofener Anzeiger Spenden\u00fcbergabe aus der 2. Iglbacher Dorfweihnacht 12.02.2015 Vilshofener Anzeiger Interview von Kerl Mike 10.11.2014 Stadionzeitung &#8222;Sechzig&#8220; Bericht \u00fcber die 20-Jahr-Feier 24.10.2014 Vilshofener Anzeiger Bericht \u00fcber die 20-Jahr-Feier 19.02.2014 Vilshofener Anzeiger Bericht \u00fcber die Jahreshauptversammlung &nbsp;21.11.2013 Vilshofener Anzeiger Bericht \u00fcber die Regionsversammlung 18.11.2013 Passauer Neue Presse Versammlung der Sechzig-Fanclubs der Region 8, Bayer. Wald in Unteriglbach<\/p>\n","protected":false},"author":1,"featured_media":0,"parent":0,"menu_order":0,"comment_status":"closed","ping_status":"closed","template":"","meta":{"ngg_post_thumbnail":0,"jetpack_post_was_ever_published":false,"footnotes":""},"class_list":["post-150","page","type-page","status-publish","hentry"],"jetpack_sharing_enabled":true,"jetpack_shortlink":"https:\/\/wp.me\/P7h1s1-2q","_links":{"self":[{"href":"https:\/\/seeloewen-unteriglbach.de\/Startseite\/wp-json\/wp\/v2\/pages\/150","targetHints":{"allow":["GET"]}}],"collection":[{"href":"https:\/\/seeloewen-unteriglbach.de\/Startseite\/wp-json\/wp\/v2\/pages"}],"about":[{"href":"https:\/\/seeloewen-unteriglbach.de\/Startseite\/wp-json\/wp\/v2\/types\/page"}],"author":[{"embeddable":true,"href":"https:\/\/seeloewen-unteriglbach.de\/Startseite\/wp-json\/wp\/v2\/users\/1"}],"replies":[{"embeddable":true,"href":"https:\/\/seeloewen-unteriglbach.de\/Startseite\/wp-json\/wp\/v2\/comments?post=150"}],"version-history":[{"count":9,"href":"https:\/\/seeloewen-unteriglbach.de\/Startseite\/wp-json\/wp\/v2\/pages\/150\/revisions"}],"predecessor-version":[{"id":6159,"href":"https:\/\/seeloewen-unteriglbach.de\/Startseite\/wp-json\/wp\/v2\/pages\/150\/revisions\/6159"}],"wp:attachment":[{"href":"https:\/\/seeloewen-unteriglbach.de\/Startseite\/wp-json\/wp\/v2\/media?parent=150"}],"curies":[{"name":"wp","href":"https:\/\/api.w.org\/{rel}","templated":true}]}}