{"id":30,"date":"2016-02-26T15:54:26","date_gmt":"2016-02-26T15:54:26","guid":{"rendered":"http:\/\/seeloewen-unteriglbach.de\/?page_id=30"},"modified":"2025-04-04T08:53:30","modified_gmt":"2025-04-04T08:53:30","slug":"informationen","status":"publish","type":"page","link":"https:\/\/seeloewen-unteriglbach.de\/Startseite\/informationen\/","title":{"rendered":"Informationen"},"content":{"rendered":"<p><strong>Kontaktadresse:&nbsp;<\/strong><br \/>\nMichael Kerl<br \/>\nSteinh\u00fcgl 30, 94081 F\u00fcrstenzell<br \/>\nTel: 08548 \/ 912474<br \/>\nvorstand @ seeloewen-unteriglbach.de &nbsp; (Achtung!!! ohne die Leerzeichen vor und nach dem &#8222;@&#8220;)<\/p>\n<p><strong>Vorstandschaft:<\/strong><br \/>\n1. Vorstand:&nbsp;Kerl Michael<br \/>\n2. Vorstand: Weinberger Susanne<\/p>\n<p>Schriftf\u00fchrer: Anwand Anja<br \/>\nKassier:&nbsp;Meyerhofer&nbsp;Thomas<br \/>\nBeisitzer: Dobler Erich, Hofbauer Alois, Peter J\u00fcrgen, Schindler Uwe<\/p>\n<p><strong>Entfernung:<\/strong>&nbsp;&nbsp;&nbsp;170 km von M\u00fcnchen<\/p>\n<p><strong>Gr\u00fcndung:<\/strong>&nbsp;&nbsp;1994<\/p>\n<p><strong>Mitglieder:<\/strong>&nbsp; 250+<\/p>\n<p><strong>Monatsversammlung \/ Sechziger Stammtisch:<\/strong>&nbsp;&nbsp;am 1. Donnerstag des Monats<\/p>\n<p><strong>Vereinsheim:<\/strong>&nbsp; &#8222;dem L\u00f6wenst\u00fcberl&#8220; am Sportplatzgel\u00e4nde des FC Unteriglbach<\/p>\n<p><strong>Aktivit\u00e4ten:<\/strong><strong><br \/>\n<\/strong>Fahrten zu den Heimspielen der L\u00f6wen.<br \/>\nAusw\u00e4rtsfahrten bis jetzt: Dortmund, Kaiserslautern, N\u00fcrnberg, Hamburg, Gelsenkirchen (Schalke), Berlin, Burghausen,Regensburg, Augsburg, Berlin (An der Alten F\u00f6rsterei), Ingolstadt.<br \/>\nTeilnahme an verschiedenen Turnieren (Fu\u00dfball, Watten, Radfahren,&#8230;).<br \/>\nEngagement f\u00fcr soziale Einrichtungen: Teilnahme an den Veranstaltungen der Arbeiterwohlfahrt Ortenburg.<br \/>\nFahrten zum Skispringen nach Bischofshofen, Innsbruck, Oberstdorf und zum &#8222;Kulm&#8220; nach Bad Mitterndorf.<\/p>\n","protected":false},"excerpt":{"rendered":"<p>Kontaktadresse:&nbsp; Michael Kerl Steinh\u00fcgl 30, 94081 F\u00fcrstenzell Tel: 08548 \/ 912474 vorstand @ seeloewen-unteriglbach.de &nbsp; (Achtung!!! ohne die Leerzeichen vor und nach dem &#8222;@&#8220;) Vorstandschaft: 1. Vorstand:&nbsp;Kerl Michael 2. Vorstand: Weinberger Susanne Schriftf\u00fchrer: Anwand Anja Kassier:&nbsp;Meyerhofer&nbsp;Thomas Beisitzer: Dobler Erich, Hofbauer Alois, Peter J\u00fcrgen, Schindler Uwe Entfernung:&nbsp;&nbsp;&nbsp;170 km von M\u00fcnchen Gr\u00fcndung:&nbsp;&nbsp;1994 Mitglieder:&nbsp; 250+ Monatsversammlung \/ Sechziger Stammtisch:&nbsp;&nbsp;am 1. Donnerstag des Monats Vereinsheim:&nbsp; &#8222;dem L\u00f6wenst\u00fcberl&#8220; am Sportplatzgel\u00e4nde des FC Unteriglbach Aktivit\u00e4ten: Fahrten zu den Heimspielen der L\u00f6wen. Ausw\u00e4rtsfahrten bis jetzt: Dortmund, Kaiserslautern, N\u00fcrnberg, Hamburg, Gelsenkirchen (Schalke), Berlin, Burghausen,Regensburg, Augsburg, Berlin (An der Alten F\u00f6rsterei), Ingolstadt. Teilnahme an verschiedenen Turnieren (Fu\u00dfball, Watten, Radfahren,&#8230;). Engagement f\u00fcr soziale Einrichtungen: Teilnahme an den Veranstaltungen der Arbeiterwohlfahrt Ortenburg. Fahrten zum Skispringen nach Bischofshofen, Innsbruck, Oberstdorf und zum &#8222;Kulm&#8220; nach Bad Mitterndorf.<\/p>\n","protected":false},"author":1,"featured_media":0,"parent":0,"menu_order":0,"comment_status":"closed","ping_status":"closed","template":"","meta":{"ngg_post_thumbnail":0,"jetpack_post_was_ever_published":false,"footnotes":""},"class_list":["post-30","page","type-page","status-publish","hentry"],"jetpack_sharing_enabled":true,"jetpack_shortlink":"https:\/\/wp.me\/P7h1s1-u","_links":{"self":[{"href":"https:\/\/seeloewen-unteriglbach.de\/Startseite\/wp-json\/wp\/v2\/pages\/30","targetHints":{"allow":["GET"]}}],"collection":[{"href":"https:\/\/seeloewen-unteriglbach.de\/Startseite\/wp-json\/wp\/v2\/pages"}],"about":[{"href":"https:\/\/seeloewen-unteriglbach.de\/Startseite\/wp-json\/wp\/v2\/types\/page"}],"author":[{"embeddable":true,"href":"https:\/\/seeloewen-unteriglbach.de\/Startseite\/wp-json\/wp\/v2\/users\/1"}],"replies":[{"embeddable":true,"href":"https:\/\/seeloewen-unteriglbach.de\/Startseite\/wp-json\/wp\/v2\/comments?post=30"}],"version-history":[{"count":14,"href":"https:\/\/seeloewen-unteriglbach.de\/Startseite\/wp-json\/wp\/v2\/pages\/30\/revisions"}],"predecessor-version":[{"id":6440,"href":"https:\/\/seeloewen-unteriglbach.de\/Startseite\/wp-json\/wp\/v2\/pages\/30\/revisions\/6440"}],"wp:attachment":[{"href":"https:\/\/seeloewen-unteriglbach.de\/Startseite\/wp-json\/wp\/v2\/media?parent=30"}],"curies":[{"name":"wp","href":"https:\/\/api.w.org\/{rel}","templated":true}]}}