{"id":3049,"date":"2016-06-10T14:01:44","date_gmt":"2016-06-10T14:01:44","guid":{"rendered":"http:\/\/seeloewen-unteriglbach.de\/?page_id=3049"},"modified":"2016-06-10T15:12:59","modified_gmt":"2016-06-10T15:12:59","slug":"bilder-2007","status":"publish","type":"page","link":"https:\/\/seeloewen-unteriglbach.de\/Startseite\/bilder-2007\/","title":{"rendered":"Bilder 2007"},"content":{"rendered":"<p style=\"text-align: center;\">Falls jemand Fotos bei Fahrten nach M\u00fcnchen, Ausw\u00e4rtsspielen, Veranstaltungen usw. gemacht hat, kann er diese gerne an unseren Verein weitergeben, damit diese hier ver\u00f6ffentlicht werden.<\/p>\n<p>&nbsp;<\/p>\n<p><strong><u>02.08.2007<\/u><\/strong><br \/>\nHeute fand zur Abwechslung die Monatsversammlung mal im Biergarten Hinding statt.<\/p>\n<p><strong>ngg_shortcode_0_placeholder<\/strong><\/p>\n<p>&nbsp;<\/p>\n<p><strong><u>21.07.2007<\/u><\/strong><br \/>\nSommernachtsfest<\/p>\n<p><strong>ngg_shortcode_1_placeholder<\/strong><\/p>\n<p>&nbsp;<\/p>\n<p><strong><u>07.07.2007<\/u><\/strong><br \/>\nHeute stand ein Besuch im\u00a0Br\u00e4ust\u00fcberl Mariakirchen auf dem Programm.<\/p>\n<p><strong>ngg_shortcode_2_placeholder<\/strong><\/p>\n<p>&nbsp;<\/p>\n<p><strong><u>05.07.2007<\/u><\/strong><br \/>\nEhre dem Ehre geb\u00fchrt, heute wurden die\u00a0Ehrung der 10j\u00e4hrigen Mitglieder durchgef\u00fchrt.<\/p>\n<p><strong>ngg_shortcode_3_placeholder<\/strong><\/p>\n<p>&nbsp;<\/p>\n<p><strong><u>30.06.2007<\/u><\/strong><br \/>\nBei der diesj\u00e4hrigen\u00a0Regionsfeier in Zenting konnte die L\u00f6wen-Fans Marcel Sch\u00e4fer und Christoph Burkhard begr\u00fc\u00dfen.<\/p>\n<p><strong>ngg_shortcode_4_placeholder<\/strong><\/p>\n<p>&nbsp;<\/p>\n<p><strong><u>03.06.2007<\/u><\/strong><br \/>\nNicht nur wir haben was zum feiern, darum gings zu unseren Freunden nach Aigen zum 10-j\u00e4hriges Vereinsjubil\u00e4um der Inntal-L\u00f6wen. Hier kam der zweimalige Bundesliga-Torsch\u00fctzenk\u00f6nig Martin Max vorbei.<\/p>\n<p><strong>ngg_shortcode_5_placeholder<\/strong><\/p>\n<p>&nbsp;<\/p>\n<p><strong><u>01.06.2007<\/u><\/strong><br \/>\nBesuch von Dr. Stefan Ziffzer<\/p>\n<p><strong>ngg_shortcode_6_placeholder<\/strong><\/p>\n<p>&nbsp;<\/p>\n<p><strong><u>28.05.2007<\/u><\/strong><br \/>\nPfingstwanderung am Pfingstmontag<\/p>\n<p><strong>ngg_shortcode_7_placeholder<\/strong><\/p>\n<p>&nbsp;<\/p>\n<p><strong><u>20.04.2007<\/u><\/strong><br \/>\nMal etwas ganz Besonderes! Eine Abordnung der Seel\u00f6wen war mal auf den &#8222;L\u00f6wen Seats&#8220; zu finden und nat\u00fcrlich auch bei der anschlie\u00dfenden Pressekonferenz.<\/p>\n<p><strong>ngg_shortcode_8_placeholder<\/strong><\/p>\n<p>&nbsp;<\/p>\n<p><strong><u>04.01.2007<\/u><\/strong><br \/>\nDer Skisprung-Fanbus ging heuer zur Vierschanzentournee nach Innsbruck.<\/p>\n<p><strong>ngg_shortcode_9_placeholder<\/strong><\/p>\n<p>&nbsp;<\/p>\n<p>&nbsp;<\/p>\n","protected":false},"excerpt":{"rendered":"<p>Falls jemand Fotos bei Fahrten nach M\u00fcnchen, Ausw\u00e4rtsspielen, Veranstaltungen usw. gemacht hat, kann er diese gerne an unseren Verein weitergeben, damit diese hier ver\u00f6ffentlicht werden. &nbsp; 02.08.2007 Heute fand zur Abwechslung die Monatsversammlung mal im Biergarten Hinding statt. &nbsp; 21.07.2007 Sommernachtsfest &nbsp; 07.07.2007 Heute stand ein Besuch im\u00a0Br\u00e4ust\u00fcberl Mariakirchen auf dem Programm. &nbsp; 05.07.2007 Ehre dem Ehre geb\u00fchrt, heute wurden die\u00a0Ehrung der 10j\u00e4hrigen Mitglieder durchgef\u00fchrt. &nbsp; 30.06.2007 Bei der diesj\u00e4hrigen\u00a0Regionsfeier in Zenting konnte die L\u00f6wen-Fans Marcel Sch\u00e4fer und Christoph Burkhard begr\u00fc\u00dfen. &nbsp; 03.06.2007 Nicht nur wir haben was zum feiern, darum gings zu unseren Freunden nach Aigen zum 10-j\u00e4hriges Vereinsjubil\u00e4um der Inntal-L\u00f6wen. Hier kam der zweimalige Bundesliga-Torsch\u00fctzenk\u00f6nig Martin Max vorbei. &nbsp; 01.06.2007 Besuch von Dr. Stefan Ziffzer &nbsp; 28.05.2007 Pfingstwanderung am Pfingstmontag &nbsp; 20.04.2007 Mal etwas ganz Besonderes! Eine Abordnung der Seel\u00f6wen war mal auf den &#8222;L\u00f6wen Seats&#8220; zu finden und nat\u00fcrlich auch bei der anschlie\u00dfenden Pressekonferenz. &nbsp; 04.01.2007 Der Skisprung-Fanbus ging heuer zur Vierschanzentournee nach Innsbruck. &nbsp; &nbsp;<\/p>\n","protected":false},"author":1,"featured_media":0,"parent":0,"menu_order":0,"comment_status":"closed","ping_status":"closed","template":"","meta":{"ngg_post_thumbnail":0,"jetpack_post_was_ever_published":false,"footnotes":""},"class_list":["post-3049","page","type-page","status-publish","hentry"],"jetpack_sharing_enabled":true,"jetpack_shortlink":"https:\/\/wp.me\/P7h1s1-Nb","_links":{"self":[{"href":"https:\/\/seeloewen-unteriglbach.de\/Startseite\/wp-json\/wp\/v2\/pages\/3049","targetHints":{"allow":["GET"]}}],"collection":[{"href":"https:\/\/seeloewen-unteriglbach.de\/Startseite\/wp-json\/wp\/v2\/pages"}],"about":[{"href":"https:\/\/seeloewen-unteriglbach.de\/Startseite\/wp-json\/wp\/v2\/types\/page"}],"author":[{"embeddable":true,"href":"https:\/\/seeloewen-unteriglbach.de\/Startseite\/wp-json\/wp\/v2\/users\/1"}],"replies":[{"embeddable":true,"href":"https:\/\/seeloewen-unteriglbach.de\/Startseite\/wp-json\/wp\/v2\/comments?post=3049"}],"version-history":[{"count":4,"href":"https:\/\/seeloewen-unteriglbach.de\/Startseite\/wp-json\/wp\/v2\/pages\/3049\/revisions"}],"predecessor-version":[{"id":3904,"href":"https:\/\/seeloewen-unteriglbach.de\/Startseite\/wp-json\/wp\/v2\/pages\/3049\/revisions\/3904"}],"wp:attachment":[{"href":"https:\/\/seeloewen-unteriglbach.de\/Startseite\/wp-json\/wp\/v2\/media?parent=3049"}],"curies":[{"name":"wp","href":"https:\/\/api.w.org\/{rel}","templated":true}]}}