{"id":466,"date":"2016-03-04T15:22:27","date_gmt":"2016-03-04T15:22:27","guid":{"rendered":"http:\/\/seeloewen-unteriglbach.de\/?page_id=466"},"modified":"2016-03-04T17:07:59","modified_gmt":"2016-03-04T17:07:59","slug":"videos","status":"publish","type":"page","link":"https:\/\/seeloewen-unteriglbach.de\/Startseite\/videos\/","title":{"rendered":"Videos"},"content":{"rendered":"<p style=\"text-align: center;\"><strong><br \/>\n<\/strong><strong>Nat\u00fcrlich gibt es nicht nur Bilder von den Seel\u00f6wen, sondern auch Video&#8217;s:<\/strong><\/p>\n<p style=\"text-align: center;\">\n<p style=\"text-align: center;\">Es haben einige Mitglieder von uns geschafft in einem Internet-Clip zu landen!<br \/>\n(Werbung f\u00fcr die Aktion XXX-Tausend aus dem Jahre 2009\u00a0 &#8211; siehe ab Minute 0:39)<\/p>\n<div style=\"width: 640px;\" class=\"wp-video\"><video class=\"wp-video-shortcode\" id=\"video-466-1\" width=\"640\" height=\"480\" preload=\"metadata\" controls=\"controls\"><source type=\"video\/x-flv\" src=\"https:\/\/seeloewen-unteriglbach.de\/wp-content\/uploads\/2016\/03\/Aktion_XXX-Tausend_4.flv?_=1\" \/><a href=\"https:\/\/seeloewen-unteriglbach.de\/wp-content\/uploads\/2016\/03\/Aktion_XXX-Tausend_4.flv\">https:\/\/seeloewen-unteriglbach.de\/wp-content\/uploads\/2016\/03\/Aktion_XXX-Tausend_4.flv<\/a><\/video><\/div>\n<p style=\"text-align: center;\">\n<p style=\"text-align: center;\">\n<p style=\"text-align: center;\">Bei den Busfahrten geht es oft sehr lustig zu und es herrscht eine tolle Stimmung.<br \/>\n<span style=\"line-height: 1.231;\">Da kann auch gleich zuf\u00e4llig unser \u00e4ltestes Mitglied, der Mauer Sepp spontan ein St\u00e4ndchen bekommen!<\/span><\/p>\n<div style=\"width: 640px;\" class=\"wp-video\"><video class=\"wp-video-shortcode\" id=\"video-466-2\" width=\"640\" height=\"480\" preload=\"metadata\" controls=\"controls\"><source type=\"video\/x-flv\" src=\"https:\/\/seeloewen-unteriglbach.de\/wp-content\/uploads\/2016\/03\/Bus_Maurer_Sepp.flv?_=2\" \/><a href=\"https:\/\/seeloewen-unteriglbach.de\/wp-content\/uploads\/2016\/03\/Bus_Maurer_Sepp.flv\">https:\/\/seeloewen-unteriglbach.de\/wp-content\/uploads\/2016\/03\/Bus_Maurer_Sepp.flv<\/a><\/video><\/div>\n<p style=\"text-align: center;\">\n<p style=\"text-align: center;\">\n<p style=\"text-align: center;\"><strong><u>04.08.2012<\/u><\/strong><strong><u><br \/>\n<\/u><\/strong>1. Spieltag der Saison gegen den SSV Jahn Regensburg, Endstand 1:0 f\u00fcr die L\u00f6wen und daher diese Party nach dem Sieg!<\/p>\n<div style=\"width: 640px;\" class=\"wp-video\"><video class=\"wp-video-shortcode\" id=\"video-466-3\" width=\"640\" height=\"480\" preload=\"metadata\" controls=\"controls\"><source type=\"video\/x-flv\" src=\"https:\/\/seeloewen-unteriglbach.de\/wp-content\/uploads\/2016\/03\/2012_Jahn_1.flv?_=3\" \/><a href=\"https:\/\/seeloewen-unteriglbach.de\/wp-content\/uploads\/2016\/03\/2012_Jahn_1.flv\">https:\/\/seeloewen-unteriglbach.de\/wp-content\/uploads\/2016\/03\/2012_Jahn_1.flv<\/a><\/video><\/div>\n<p style=\"text-align: center;\">\n<p style=\"text-align: center;\">\n<p style=\"text-align: center;\"><strong><u>13.03.2015<\/u><\/strong><strong><u><br \/>\n<\/u><\/strong>25. Spieltag der Saison gegen den SpVgg Greuther F\u00fcrth, Endstand 0:3 f\u00fcr die L\u00f6wen und daher diese Euphorie vor dem Spiel bzw. diese Party nach dem Sieg!<\/p>\n<div style=\"width: 640px;\" class=\"wp-video\"><video class=\"wp-video-shortcode\" id=\"video-466-4\" width=\"640\" height=\"480\" preload=\"metadata\" controls=\"controls\"><source type=\"video\/x-flv\" src=\"https:\/\/seeloewen-unteriglbach.de\/wp-content\/uploads\/2016\/03\/2015_Fuerth_Hurra.flv?_=4\" \/><a href=\"https:\/\/seeloewen-unteriglbach.de\/wp-content\/uploads\/2016\/03\/2015_Fuerth_Hurra.flv\">https:\/\/seeloewen-unteriglbach.de\/wp-content\/uploads\/2016\/03\/2015_Fuerth_Hurra.flv<\/a><\/video><\/div>\n<div style=\"width: 640px;\" class=\"wp-video\"><video class=\"wp-video-shortcode\" id=\"video-466-5\" width=\"640\" height=\"480\" preload=\"metadata\" controls=\"controls\"><source type=\"video\/x-flv\" src=\"https:\/\/seeloewen-unteriglbach.de\/wp-content\/uploads\/2016\/03\/2015_Fuerth_Auf_die_Knie.flv?_=5\" \/><a href=\"https:\/\/seeloewen-unteriglbach.de\/wp-content\/uploads\/2016\/03\/2015_Fuerth_Auf_die_Knie.flv\">https:\/\/seeloewen-unteriglbach.de\/wp-content\/uploads\/2016\/03\/2015_Fuerth_Auf_die_Knie.flv<\/a><\/video><\/div>\n<div style=\"width: 640px;\" class=\"wp-video\"><video class=\"wp-video-shortcode\" id=\"video-466-6\" width=\"640\" height=\"480\" preload=\"metadata\" controls=\"controls\"><source type=\"video\/x-flv\" src=\"https:\/\/seeloewen-unteriglbach.de\/wp-content\/uploads\/2016\/03\/2015_Fuerth_60_M.flv?_=6\" \/><a href=\"https:\/\/seeloewen-unteriglbach.de\/wp-content\/uploads\/2016\/03\/2015_Fuerth_60_M.flv\">https:\/\/seeloewen-unteriglbach.de\/wp-content\/uploads\/2016\/03\/2015_Fuerth_60_M.flv<\/a><\/video><\/div>\n<p style=\"text-align: center;\">\n<p style=\"text-align: center;\">\n<p style=\"text-align: center;\"><strong><u>17.05.2015<\/u><\/strong><strong><u><br \/>\n<\/u><\/strong>33. Spieltag der Saison gegen den 1. FC N\u00fcrnberg, Endstand 2:1 f\u00fcr die L\u00f6wen und daher diese diese Party nach dem Sieg!<\/p>\n<div style=\"width: 640px;\" class=\"wp-video\"><video class=\"wp-video-shortcode\" id=\"video-466-7\" width=\"640\" height=\"480\" preload=\"metadata\" controls=\"controls\"><source type=\"video\/x-flv\" src=\"https:\/\/seeloewen-unteriglbach.de\/wp-content\/uploads\/2016\/03\/1860_FCN-Eminem-Einlauf.flv?_=7\" \/><a href=\"https:\/\/seeloewen-unteriglbach.de\/wp-content\/uploads\/2016\/03\/1860_FCN-Eminem-Einlauf.flv\">https:\/\/seeloewen-unteriglbach.de\/wp-content\/uploads\/2016\/03\/1860_FCN-Eminem-Einlauf.flv<\/a><\/video><\/div>\n<div style=\"width: 640px;\" class=\"wp-video\"><video class=\"wp-video-shortcode\" id=\"video-466-8\" width=\"640\" height=\"480\" preload=\"metadata\" controls=\"controls\"><source type=\"video\/x-flv\" src=\"https:\/\/seeloewen-unteriglbach.de\/wp-content\/uploads\/2016\/03\/1860_FCN-Elfmeter-Adlung.flv?_=8\" \/><a href=\"https:\/\/seeloewen-unteriglbach.de\/wp-content\/uploads\/2016\/03\/1860_FCN-Elfmeter-Adlung.flv\">https:\/\/seeloewen-unteriglbach.de\/wp-content\/uploads\/2016\/03\/1860_FCN-Elfmeter-Adlung.flv<\/a><\/video><\/div>\n<div style=\"width: 640px;\" class=\"wp-video\"><video class=\"wp-video-shortcode\" id=\"video-466-9\" width=\"640\" height=\"480\" preload=\"metadata\" controls=\"controls\"><source type=\"video\/x-flv\" src=\"https:\/\/seeloewen-unteriglbach.de\/wp-content\/uploads\/2016\/03\/1860_FCN-ELIL.flv?_=9\" \/><a href=\"https:\/\/seeloewen-unteriglbach.de\/wp-content\/uploads\/2016\/03\/1860_FCN-ELIL.flv\">https:\/\/seeloewen-unteriglbach.de\/wp-content\/uploads\/2016\/03\/1860_FCN-ELIL.flv<\/a><\/video><\/div>\n<div style=\"width: 640px;\" class=\"wp-video\"><video class=\"wp-video-shortcode\" id=\"video-466-10\" width=\"640\" height=\"480\" preload=\"metadata\" controls=\"controls\"><source type=\"video\/x-flv\" src=\"https:\/\/seeloewen-unteriglbach.de\/wp-content\/uploads\/2016\/03\/1860_FCN-Humba.flv?_=10\" \/><a href=\"https:\/\/seeloewen-unteriglbach.de\/wp-content\/uploads\/2016\/03\/1860_FCN-Humba.flv\">https:\/\/seeloewen-unteriglbach.de\/wp-content\/uploads\/2016\/03\/1860_FCN-Humba.flv<\/a><\/video><\/div>\n<p>&nbsp;<\/p>\n","protected":false},"excerpt":{"rendered":"<p>Nat\u00fcrlich gibt es nicht nur Bilder von den Seel\u00f6wen, sondern auch Video&#8217;s: Es haben einige Mitglieder von uns geschafft in einem Internet-Clip zu landen! (Werbung f\u00fcr die Aktion XXX-Tausend aus dem Jahre 2009\u00a0 &#8211; siehe ab Minute 0:39) Bei den Busfahrten geht es oft sehr lustig zu und es herrscht eine tolle Stimmung. Da kann auch gleich zuf\u00e4llig unser \u00e4ltestes Mitglied, der Mauer Sepp spontan ein St\u00e4ndchen bekommen! 04.08.2012 1. Spieltag der Saison gegen den SSV Jahn Regensburg, Endstand 1:0 f\u00fcr die L\u00f6wen und daher diese Party nach dem Sieg! 13.03.2015 25. Spieltag der Saison gegen den SpVgg Greuther F\u00fcrth, Endstand 0:3 f\u00fcr die L\u00f6wen und daher diese Euphorie vor dem Spiel bzw. diese Party nach dem Sieg! 17.05.2015 33. Spieltag der Saison gegen den 1. FC N\u00fcrnberg, Endstand 2:1 f\u00fcr die L\u00f6wen und daher diese diese Party nach dem Sieg! &nbsp;<\/p>\n","protected":false},"author":1,"featured_media":0,"parent":0,"menu_order":0,"comment_status":"closed","ping_status":"closed","template":"","meta":{"ngg_post_thumbnail":0,"jetpack_post_was_ever_published":false,"footnotes":""},"class_list":["post-466","page","type-page","status-publish","hentry"],"jetpack_sharing_enabled":true,"jetpack_shortlink":"https:\/\/wp.me\/P7h1s1-7w","_links":{"self":[{"href":"https:\/\/seeloewen-unteriglbach.de\/Startseite\/wp-json\/wp\/v2\/pages\/466","targetHints":{"allow":["GET"]}}],"collection":[{"href":"https:\/\/seeloewen-unteriglbach.de\/Startseite\/wp-json\/wp\/v2\/pages"}],"about":[{"href":"https:\/\/seeloewen-unteriglbach.de\/Startseite\/wp-json\/wp\/v2\/types\/page"}],"author":[{"embeddable":true,"href":"https:\/\/seeloewen-unteriglbach.de\/Startseite\/wp-json\/wp\/v2\/users\/1"}],"replies":[{"embeddable":true,"href":"https:\/\/seeloewen-unteriglbach.de\/Startseite\/wp-json\/wp\/v2\/comments?post=466"}],"version-history":[{"count":6,"href":"https:\/\/seeloewen-unteriglbach.de\/Startseite\/wp-json\/wp\/v2\/pages\/466\/revisions"}],"predecessor-version":[{"id":861,"href":"https:\/\/seeloewen-unteriglbach.de\/Startseite\/wp-json\/wp\/v2\/pages\/466\/revisions\/861"}],"wp:attachment":[{"href":"https:\/\/seeloewen-unteriglbach.de\/Startseite\/wp-json\/wp\/v2\/media?parent=466"}],"curies":[{"name":"wp","href":"https:\/\/api.w.org\/{rel}","templated":true}]}}

<p style="text-align: center;"><strong><br />
</strong><strong>Natürlich gibt es nicht nur Bilder von den Seelöwen, sondern auch Video&#8217;s:</strong></p>
<p style="text-align: center;">
<p style="text-align: center;">Es haben einige Mitglieder von uns geschafft in einem Internet-Clip zu landen!<br />
(Werbung für die Aktion XXX-Tausend aus dem Jahre 2009  &#8211; siehe ab Minute 0:39)</p>
<div style="width: 640px;" class="wp-video"><video class="wp-video-shortcode" id="video-466-1" width="640" height="480" preload="metadata" controls="controls"><source type="video/x-flv" src="https://seeloewen-unteriglbach.de/wp-content/uploads/2016/03/Aktion_XXX-Tausend_4.flv?_=1" /><a href="https://seeloewen-unteriglbach.de/wp-content/uploads/2016/03/Aktion_XXX-Tausend_4.flv">https://seeloewen-unteriglbach.de/wp-content/uploads/2016/03/Aktion_XXX-Tausend_4.flv</a></video></div>
<p style="text-align: center;">
<p style="text-align: center;">
<p style="text-align: center;">Bei den Busfahrten geht es oft sehr lustig zu und es herrscht eine tolle Stimmung.<br />
<span style="line-height: 1.231;">Da kann auch gleich zufällig unser ältestes Mitglied, der Mauer Sepp spontan ein Ständchen bekommen!</span></p>
<div style="width: 640px;" class="wp-video"><video class="wp-video-shortcode" id="video-466-2" width="640" height="480" preload="metadata" controls="controls"><source type="video/x-flv" src="https://seeloewen-unteriglbach.de/wp-content/uploads/2016/03/Bus_Maurer_Sepp.flv?_=2" /><a href="https://seeloewen-unteriglbach.de/wp-content/uploads/2016/03/Bus_Maurer_Sepp.flv">https://seeloewen-unteriglbach.de/wp-content/uploads/2016/03/Bus_Maurer_Sepp.flv</a></video></div>
<p style="text-align: center;">
<p style="text-align: center;">
<p style="text-align: center;"><strong><u>04.08.2012</u></strong><strong><u><br />
</u></strong>1. Spieltag der Saison gegen den SSV Jahn Regensburg, Endstand 1:0 für die Löwen und daher diese Party nach dem Sieg!</p>
<div style="width: 640px;" class="wp-video"><video class="wp-video-shortcode" id="video-466-3" width="640" height="480" preload="metadata" controls="controls"><source type="video/x-flv" src="https://seeloewen-unteriglbach.de/wp-content/uploads/2016/03/2012_Jahn_1.flv?_=3" /><a href="https://seeloewen-unteriglbach.de/wp-content/uploads/2016/03/2012_Jahn_1.flv">https://seeloewen-unteriglbach.de/wp-content/uploads/2016/03/2012_Jahn_1.flv</a></video></div>
<p style="text-align: center;">
<p style="text-align: center;">
<p style="text-align: center;"><strong><u>13.03.2015</u></strong><strong><u><br />
</u></strong>25. Spieltag der Saison gegen den SpVgg Greuther Fürth, Endstand 0:3 für die Löwen und daher diese Euphorie vor dem Spiel bzw. diese Party nach dem Sieg!</p>
<div style="width: 640px;" class="wp-video"><video class="wp-video-shortcode" id="video-466-4" width="640" height="480" preload="metadata" controls="controls"><source type="video/x-flv" src="https://seeloewen-unteriglbach.de/wp-content/uploads/2016/03/2015_Fuerth_Hurra.flv?_=4" /><a href="https://seeloewen-unteriglbach.de/wp-content/uploads/2016/03/2015_Fuerth_Hurra.flv">https://seeloewen-unteriglbach.de/wp-content/uploads/2016/03/2015_Fuerth_Hurra.flv</a></video></div>
<div style="width: 640px;" class="wp-video"><video class="wp-video-shortcode" id="video-466-5" width="640" height="480" preload="metadata" controls="controls"><source type="video/x-flv" src="https://seeloewen-unteriglbach.de/wp-content/uploads/2016/03/2015_Fuerth_Auf_die_Knie.flv?_=5" /><a href="https://seeloewen-unteriglbach.de/wp-content/uploads/2016/03/2015_Fuerth_Auf_die_Knie.flv">https://seeloewen-unteriglbach.de/wp-content/uploads/2016/03/2015_Fuerth_Auf_die_Knie.flv</a></video></div>
<div style="width: 640px;" class="wp-video"><video class="wp-video-shortcode" id="video-466-6" width="640" height="480" preload="metadata" controls="controls"><source type="video/x-flv" src="https://seeloewen-unteriglbach.de/wp-content/uploads/2016/03/2015_Fuerth_60_M.flv?_=6" /><a href="https://seeloewen-unteriglbach.de/wp-content/uploads/2016/03/2015_Fuerth_60_M.flv">https://seeloewen-unteriglbach.de/wp-content/uploads/2016/03/2015_Fuerth_60_M.flv</a></video></div>
<p style="text-align: center;">
<p style="text-align: center;">
<p style="text-align: center;"><strong><u>17.05.2015</u></strong><strong><u><br />
</u></strong>33. Spieltag der Saison gegen den 1. FC Nürnberg, Endstand 2:1 für die Löwen und daher diese diese Party nach dem Sieg!</p>
<div style="width: 640px;" class="wp-video"><video class="wp-video-shortcode" id="video-466-7" width="640" height="480" preload="metadata" controls="controls"><source type="video/x-flv" src="https://seeloewen-unteriglbach.de/wp-content/uploads/2016/03/1860_FCN-Eminem-Einlauf.flv?_=7" /><a href="https://seeloewen-unteriglbach.de/wp-content/uploads/2016/03/1860_FCN-Eminem-Einlauf.flv">https://seeloewen-unteriglbach.de/wp-content/uploads/2016/03/1860_FCN-Eminem-Einlauf.flv</a></video></div>
<div style="width: 640px;" class="wp-video"><video class="wp-video-shortcode" id="video-466-8" width="640" height="480" preload="metadata" controls="controls"><source type="video/x-flv" src="https://seeloewen-unteriglbach.de/wp-content/uploads/2016/03/1860_FCN-Elfmeter-Adlung.flv?_=8" /><a href="https://seeloewen-unteriglbach.de/wp-content/uploads/2016/03/1860_FCN-Elfmeter-Adlung.flv">https://seeloewen-unteriglbach.de/wp-content/uploads/2016/03/1860_FCN-Elfmeter-Adlung.flv</a></video></div>
<div style="width: 640px;" class="wp-video"><video class="wp-video-shortcode" id="video-466-9" width="640" height="480" preload="metadata" controls="controls"><source type="video/x-flv" src="https://seeloewen-unteriglbach.de/wp-content/uploads/2016/03/1860_FCN-ELIL.flv?_=9" /><a href="https://seeloewen-unteriglbach.de/wp-content/uploads/2016/03/1860_FCN-ELIL.flv">https://seeloewen-unteriglbach.de/wp-content/uploads/2016/03/1860_FCN-ELIL.flv</a></video></div>
<div style="width: 640px;" class="wp-video"><video class="wp-video-shortcode" id="video-466-10" width="640" height="480" preload="metadata" controls="controls"><source type="video/x-flv" src="https://seeloewen-unteriglbach.de/wp-content/uploads/2016/03/1860_FCN-Humba.flv?_=10" /><a href="https://seeloewen-unteriglbach.de/wp-content/uploads/2016/03/1860_FCN-Humba.flv">https://seeloewen-unteriglbach.de/wp-content/uploads/2016/03/1860_FCN-Humba.flv</a></video></div>
<p>&nbsp;</p>

<p>Natürlich gibt es nicht nur Bilder von den Seelöwen, sondern auch Video&#8217;s: Es haben einige Mitglieder von uns geschafft in einem Internet-Clip zu landen! (Werbung für die Aktion XXX-Tausend aus dem Jahre 2009  &#8211; siehe ab Minute 0:39) Bei den Busfahrten geht es oft sehr lustig zu und es herrscht eine tolle Stimmung. Da kann auch gleich zufällig unser ältestes Mitglied, der Mauer Sepp spontan ein Ständchen bekommen! 04.08.2012 1. Spieltag der Saison gegen den SSV Jahn Regensburg, Endstand 1:0 für die Löwen und daher diese Party nach dem Sieg! 13.03.2015 25. Spieltag der Saison gegen den SpVgg Greuther Fürth, Endstand 0:3 für die Löwen und daher diese Euphorie vor dem Spiel bzw. diese Party nach dem Sieg! 17.05.2015 33. Spieltag der Saison gegen den 1. FC Nürnberg, Endstand 2:1 für die Löwen und daher diese diese Party nach dem Sieg! &nbsp;</p>
