{"id":899,"date":"2016-03-04T17:18:13","date_gmt":"2016-03-04T17:18:13","guid":{"rendered":"http:\/\/seeloewen-unteriglbach.de\/?page_id=899"},"modified":"2017-07-22T13:55:13","modified_gmt":"2017-07-22T13:55:13","slug":"gallerien","status":"publish","type":"page","link":"https:\/\/seeloewen-unteriglbach.de\/Startseite\/gallerien\/","title":{"rendered":"Galerien"},"content":{"rendered":"<p>&nbsp;<\/p>\n<p style=\"text-align: center;\">Falls jemand Fotos\/Videos bei Fahrten nach M\u00fcnchen, Ausw\u00e4rtsspielen, Veranstaltungen usw. gemacht hat, kann er diese gerne an unseren Verein weitergeben, damit diese hier ver\u00f6ffentlicht werden.<\/p>\n<h3 style=\"text-align: center;\">Welche Galerie&nbsp;wollen Sie sehn?<\/h3>\n<p>&nbsp;<\/p>\n<table>\n<tbody>\n<tr>\n<td style=\"text-align: center;\">\n<h2><a href=\"https:\/\/seeloewen-unteriglbach.de\/bilder\/\">Bilder<\/a><\/h2>\n<\/td>\n<td>&nbsp;<\/td>\n<\/tr>\n<tr>\n<td style=\"text-align: center;\">\n<h2><a href=\"https:\/\/seeloewen-unteriglbach.de\/videos\/\">Videos<\/a><\/h2>\n<\/td>\n<td>&nbsp;<\/td>\n<\/tr>\n<\/tbody>\n<\/table>\n<p>&nbsp;<\/p>\n<p>&nbsp;<\/p>\n","protected":false},"excerpt":{"rendered":"<p>&nbsp; Falls jemand Fotos\/Videos bei Fahrten nach M\u00fcnchen, Ausw\u00e4rtsspielen, Veranstaltungen usw. gemacht hat, kann er diese gerne an unseren Verein weitergeben, damit diese hier ver\u00f6ffentlicht werden. Welche Galerie&nbsp;wollen Sie sehn? &nbsp; Bilder &nbsp; Videos &nbsp; &nbsp; &nbsp;<\/p>\n","protected":false},"author":1,"featured_media":0,"parent":0,"menu_order":0,"comment_status":"closed","ping_status":"closed","template":"","meta":{"ngg_post_thumbnail":0,"jetpack_post_was_ever_published":false,"footnotes":""},"class_list":["post-899","page","type-page","status-publish","hentry"],"jetpack_sharing_enabled":true,"jetpack_shortlink":"https:\/\/wp.me\/P7h1s1-ev","_links":{"self":[{"href":"https:\/\/seeloewen-unteriglbach.de\/Startseite\/wp-json\/wp\/v2\/pages\/899","targetHints":{"allow":["GET"]}}],"collection":[{"href":"https:\/\/seeloewen-unteriglbach.de\/Startseite\/wp-json\/wp\/v2\/pages"}],"about":[{"href":"https:\/\/seeloewen-unteriglbach.de\/Startseite\/wp-json\/wp\/v2\/types\/page"}],"author":[{"embeddable":true,"href":"https:\/\/seeloewen-unteriglbach.de\/Startseite\/wp-json\/wp\/v2\/users\/1"}],"replies":[{"embeddable":true,"href":"https:\/\/seeloewen-unteriglbach.de\/Startseite\/wp-json\/wp\/v2\/comments?post=899"}],"version-history":[{"count":3,"href":"https:\/\/seeloewen-unteriglbach.de\/Startseite\/wp-json\/wp\/v2\/pages\/899\/revisions"}],"predecessor-version":[{"id":4985,"href":"https:\/\/seeloewen-unteriglbach.de\/Startseite\/wp-json\/wp\/v2\/pages\/899\/revisions\/4985"}],"wp:attachment":[{"href":"https:\/\/seeloewen-unteriglbach.de\/Startseite\/wp-json\/wp\/v2\/media?parent=899"}],"curies":[{"name":"wp","href":"https:\/\/api.w.org\/{rel}","templated":true}]}}

<p>&nbsp;</p>
<p style="text-align: center;">Falls jemand Fotos/Videos bei Fahrten nach München, Auswärtsspielen, Veranstaltungen usw. gemacht hat, kann er diese gerne an unseren Verein weitergeben, damit diese hier veröffentlicht werden.</p>
<h3 style="text-align: center;">Welche Galerie&nbsp;wollen Sie sehn?</h3>
<p>&nbsp;</p>
<table>
<tbody>
<tr>
<td style="text-align: center;">
<h2><a href="https://seeloewen-unteriglbach.de/bilder/">Bilder</a></h2>
</td>
<td>&nbsp;</td>
</tr>
<tr>
<td style="text-align: center;">
<h2><a href="https://seeloewen-unteriglbach.de/videos/">Videos</a></h2>
</td>
<td>&nbsp;</td>
</tr>
</tbody>
</table>
<p>&nbsp;</p>
<p>&nbsp;</p>

<p>&nbsp; Falls jemand Fotos/Videos bei Fahrten nach München, Auswärtsspielen, Veranstaltungen usw. gemacht hat, kann er diese gerne an unseren Verein weitergeben, damit diese hier veröffentlicht werden. Welche Galerie&nbsp;wollen Sie sehn? &nbsp; Bilder &nbsp; Videos &nbsp; &nbsp; &nbsp;</p>
